he greatest common factor of 36 and 24513564.
12
Calculate the highest common factor of 470885 and 7790.
205
Calculate the highest common factor of 43 and 822188079.
43
Calculate the greatest common factor of 46113771 and 16368.
1023
Calculate the greatest common factor of 1506 and 21470289.
753
Calculate the greatest common divisor of 72009 and 256413.
381
What is the greatest common divisor of 5004 and 663696783?
1251
Calculate the highest common factor of 3398 and 147638003.
1699
Calculate the greatest common divisor of 62 and 20222447.
31
Calculate the greatest common divisor of 349828 and 35340.
76
Calculate the highest common factor of 485 and 634190850.
485
What is the greatest common factor of 1953 and 496070897?
217
Calculate the highest common factor of 1204 and 9089899.
301
Calculate the greatest common factor of 410404 and 733858.
3478
What is the greatest common divisor of 10249 and 67451?
37
What is the greatest common factor of 31943121 and 219?
219
What is the greatest common divisor of 446774 and 2784?
58
What is the greatest common factor of 366620 and 435620?
460
Calculate the greatest common divisor of 14854021 and 299.
299
Calculate the highest common divisor of 42254 and 39371592.
1142
What is the greatest common factor of 6063 and 252066?
129
Calculate the greatest common factor of 118856 and 1696603.
83
Calculate the highest common factor of 8315494 and 404926.
1382
What is the highest common factor of 5870 and 1046758945?
2935
What is the greatest common divisor of 50319311 and 77392?
4837
Calculate the highest common factor of 976600 and 2440.
40
Calculate the highest common factor of 31855779 and 72.
9
What is the highest common factor of 21972 and 98736?
12
Calculate the highest common factor of 176845712 and 73.
73
Calculate the highest common divisor of 130 and 278567965.
65
What is the highest common factor of 3509 and 1630235?
29
Calculate the greatest common divisor of 1006825 and 606464.
2369
Calculate the highest common factor of 31475408 and 32.
16
What is the greatest common divisor of 2406225 and 61350?
75
What is the greatest common factor of 3168780041 and 434?
217
Calculate the greatest common divisor of 33978 and 129878.
14
What is the greatest common factor of 13967928 and 504?
72
What is the highest common factor of 981 and 203314103?
109
What is the highest common divisor of 28739 and 21054?
29
What is the greatest common divisor of 26500 and 13685236?
212
What is the greatest common factor of 119536061 and 408?
17
What is the highest common divisor of 64817050 and 150?
50
Calculate the highest common factor of 199543695 and 65.
65
Calculate the greatest common factor of 3015 and 1260471.
201
What is the greatest common divisor of 5400 and 762?
6
What is the highest common factor of 213 and 11478783?
213
What is the greatest common factor of 1750 and 33261750?
250
What is the greatest common divisor of 450517 and 850?
17
Calculate the highest common divisor of 1722 and 5633154.
246
What is the highest common factor of 169259952 and 11024?
848
What is the greatest common divisor of 9783 and 279359?
1087
Calculate the highest common factor of 5856 and 355752.
1464
Calculate the greatest common divisor of 13085310 and 315.
105
Calculate the greatest common factor of 3 and 38824.
1
What is the greatest common factor of 46195903 and 39?
13
Calculate the greatest common divisor of 1177713 and 8.
1
What is the greatest common divisor of 3817 and 3135?
11
What is the greatest common divisor of 10 and 2680850?
10
What is the greatest common divisor of 7736861 and 13383?
1487
What is the greatest common factor of 16709726 and 78518?
1826
Calculate the highest common factor of 1164 and 90237936.
1164
What is the greatest common divisor of 7865 and 360360?
715
Calculate the greatest common factor of 3597 and 55808.
109
What is the highest common divisor of 112 and 7064240?
16
Calculate the greatest common divisor of 72523 and 47586.
11
Calculate the greatest common divisor of 1691057260 and 97.
97
What is the highest common factor of 1921 and 47350729?
1921
What is the highest common divisor of 13563189 and 19998?
909
What is the greatest common factor of 7 and 31431659?
7
What is the greatest common factor of 907698 and 5874?
66
Calculate the greatest common factor of 41342600 and 15600.
2600
What is the highest common divisor of 74315 and 64525?
445
What is the highest common divisor of 65 and 54620163?
13
What is the highest common divisor of 14420482 and 545?
109
What is the highest common factor of 6267777 and 209?
19
Calculate the greatest common divisor of 3686382 and 56.
14
Calculate the greatest common factor of 73278 and 3890106.
3186
Calculate the greatest common factor of 118459 and 11316162.
1331
What is the greatest common factor of 1270 and 69320?
10
What is the highest common factor of 8954104 and 136?
136
Calculate the highest common divisor of 24452671 and 10532.
2633
Calculate the greatest common divisor of 70866 and 5317236.
2286
Calculate the highest common divisor of 2199 and 185160931.
733
What is the highest common divisor of 10 and 323615330?
10
Calculate the greatest common divisor of 1090 and 12136496.
218
What is the greatest common factor of 16387016 and 13032?
1448
Calculate the highest common factor of 6638160 and 2924.
68
What is the greatest common divisor of 651015 and 37453890?
5865
Calculate the highest common divisor of 17 and 113803219.
17
What is the greatest common divisor of 4050 and 71847?
81
What is the highest common factor of 26542 and 1123996?
1154
What is the greatest common divisor of 7918548 and 1314500?
10516
What is the highest common divisor of 202668 and 36336?
12
Calculate the highest common factor of 9777228 and 9.
3
What is the greatest common divisor of 672 and 159516?
84
What is the highest common divisor of 16820436 and 12?
12
What is the highest common factor of 513 and 4204985?
19
What is the highest common divisor of 88 and 9009770?
22
Calculate the greatest common divisor of 152556 and 3156.
12
What is the highest common factor of 2020 and 3418345?
505
What is the highest common factor of 3279 and 296979?
3
What is the greatest common divisor of 40236 and 39?
3
What is the greatest common factor of 2327 and 63817?
13
Calculate the highest common factor of 194 and 37228406.
194
What is the highest common factor of 24192 and 66969?
63
What is the highest common divisor of 5667253 and 55981?
3293
Calculate the highest common divisor of 1361504 and 805954.
542
What is the highest common factor of 148429718 and 46?
46
What is the greatest common divisor of 13575 and 227440075?
4525
What is the highest common factor of 3950 and 99225?
25
Calculate the greatest common divisor of 2705832 and 88776.
216
Calculate the highest common divisor of 328578 and 13662.
138
What is the greatest common factor of 812862154 and 52?
26
Calculate the greatest common factor of 1183096888 and 16.
8
Calculate the highest common divisor of 17094 and 163482.
66
Calculate the greatest common divisor of 213516 and 969084.
324
What is the highest common divisor of 4608682 and 312?
26
Calculate the greatest common divisor of 152 and 51281.
19
What is the greatest common divisor of 18902042 and 7160?
358
Calculate the greatest common factor of 51 and 934787687.
17
What is the highest common factor of 9356856 and 514?
514
Calculate the highest common factor of 31 and 62289695.
31
Calculate the highest common divisor of 2958264 and 1135.
227
What is the greatest common factor of 216271976 and 1552?
776
Calculate the highest common factor of 60197 and 12444.
17
What is the greatest common factor of 37970159 and 6586?
89
Calculate the greatest common factor of 20633 and 5557301.
439
Calculate the greatest common factor of 361910059 and 428.
107
What is the highest common divisor of 3233 and 721569?
61
What is the greatest common divisor of 19563864 and 14732?
116
Calculate the greatest common divisor of 814485684 and 1236.
1236
Calculate the highest common factor of 272646125 and 1625.
125
Calculate the highest common divisor of 1926 and 884462.
214
Calculate the highest common factor of 1741395 and 20859.
51
What is the greatest common divisor of 141 and 1689129?
3
What is the hig